 of 122?
False
Is 6 a factor of 24652?
False
Is 1462 a multiple of 17?
True
Is 1725 a multiple of 25?
True
Is 13591 a multiple of 33?
False
Is 105952 a multiple of 399?
False
Does 5 divide 796?
False
Is 82 a factor of 3116?
True
Does 35 divide 71295?
True
Does 60 divide 8509?
False
Is 28 a factor of 6461?
False
Is 106352 a multiple of 272?
True
Is 2412 a multiple of 12?
True
Is 3275 a multiple of 25?
True
Does 51 divide 9027?
True
Is 551 a multiple of 19?
True
Is 15011 a multiple of 81?
False
Is 18 a factor of 28716?
False
Is 1572 a multiple of 45?
False
Is 36252 a multiple of 6?
True
Does 15 divide 135?
True
Is 125 a multiple of 25?
True
Is 3 a factor of 338?
False
Is 24 a factor of 1237?
False
Does 84 divide 830?
False
Does 19 divide 266?
True
Is 4788 a multiple of 171?
True
Does 61 divide 244?
True
Is 189 a multiple of 12?
False
Is 24 a factor of 21324?
False
Is 49819 a multiple of 7?
True
Is 77 a multiple of 2?
False
Is 14 a factor of 970?
False
Does 11 divide 1049?
False
Is 29 a multiple of 13?
False
Is 2275 a multiple of 91?
True
Does 10 divide 2016?
False
Does 12 divide 732?
True
Is 1551 a multiple of 103?
False
Is 2574 a multiple of 45?
False
Is 10 a factor of 5400?
True
Is 52 a factor of 364?
True
Does 2 divide 659?
False
Is 164 a multiple of 3?
False
Is 28 a factor of 702?
False
Is 44 a factor of 2068?
True
Is 1350 a multiple of 6?
True
Is 38 a factor of 1976?
True
Is 18 a factor of 3176?
False
Does 28 divide 356?
False
Does 6 divide 246?
True
Is 350 a factor of 78750?
True
Is 10807 a multiple of 13?
False
Is 9 a factor of 54076?
False
Is 17 a factor of 4469?
False
Does 17 divide 350?
False
Is 268 a multiple of 4?
True
Is 10 a factor of 3819?
False
Is 5 a factor of 889?
False
Is 1430 a multiple of 55?
True
Is 73 a factor of 12629?
True
Is 4 a factor of 73?
False
Is 153 even?
False
Is 17 a factor of 51?
True
Is 16541 a multiple of 119?
True
Is 4391 a multiple of 39?
False
Does 13 divide 1157?
True
Is 14517 a multiple of 3?
True
Does 59 divide 3658?
True
Is 24 a factor of 8321?
False
Is 10 a factor of 1390?
True
Does 12 divide 216?
True
Is 12396 a multiple of 55?
False
Does 9 divide 8721?
True
Does 77 divide 27691?
False
Is 97 a factor of 2453?
False
Is 18020 a multiple of 17?
True
Is 20 a factor of 366?
False
Is 257 a multiple of 7?
False
Is 8 a factor of 448?
True
Does 72 divide 3744?
True
Does 4 divide 80?
True
Does 17 divide 548?
False
Does 13 divide 2999?
False
Does 18 divide 2906?
False
Is 5 a factor of 564?
False
Is 10182 a multiple of 146?
False
Is 3939 a multiple of 85?
False
Is 6354 a multiple of 3?
True
Is 12 a factor of 327?
False
Does 22 divide 1277?
False
Is 2 a factor of 64?
True
Is 10 a factor of 920?
True
Is 2705 a multiple of 29?
False
Does 83 divide 134626?
True
Is 333 a multiple of 9?
True
Is 11 a factor of 5640?
False
Does 51 divide 62339?
False
Is 30121 a multiple of 91?
True
Does 42 divide 22796?
False
Is 39 a factor of 106899?
True
Is 191 a factor of 49660?
True
Is 1200 a multiple of 60?
True
Is 1077 a multiple of 51?
False
Does 18 divide 540?
True
Does 17 divide 6256?
True
Does 118 divide 1783?
False
Is 18688 a multiple of 8?
True
Is 6345 a multiple of 25?
False
Does 4 divide 76?
True
Does 19 divide 546?
False
Does 13 divide 4745?
True
Is 3916 a multiple of 11?
True
Is 15 a factor of 18724?
False
Does 36 divide 854?
False
Is 66284 a multiple of 13?
False
Is 149 a factor of 41717?
False
Is 3842 a multiple of 6?
False
Does 8 divide 812?
False
Is 9 a factor of 21132?
True
Is 78 a multiple of 4?
False
Is 381 a multiple of 2?
False
Is 347 a multiple of 21?
False
Is 113 a factor of 3277?
True
Is 21190 a multiple of 10?
True
Is 2336 a multiple of 73?
True
Does 5 divide 30332?
False
Does 54 divide 48546?
True
Is 47 a factor of 10293?
True
Is 22 a factor of 1310?
False
Does 7 divide 3542?
True
Is 50 a factor of 50?
True
Is 3956 a multiple of 34?
False
Is 4776 a multiple of 6?
True
Does 60 divide 660?
True
Is 3312 a multiple of 12?
True
Does 111 divide 9014?
False
Is 1701 a multiple of 27?
True
Is 8307 a multiple of 13?
True
Is 1178 a multiple of 62?
True
Does 4 divide 187?
False
Is 4340 a multiple of 62?
True
Is 947 a multiple of 9?
False
Does 5 divide 704?
False
Is 3 a factor of 999?
True
Is 14 a factor of 5187?
False
Is 40 a factor of 12040?
True
Does 19 divide 29418?
False
Does 14 divide 12611?
False
Is 7854 a multiple of 3?
True
Is 52 a factor of 3064?
False
Does 185 divide 2960?
True
Is 240 a multiple of 5?
True
Does 69 divide 483?
True
Is 328 a multiple of 8?
True
Is 932 a multiple of 7?
False
Is 30 a factor of 40200?
True
Is 32197 a multiple of 32?
False
Is 82 a factor of 2698?
False
Does 3 divide 3596?
False
Is 17 a factor of 4401?
False
Does 77 divide 924?
True
Is 11 a factor of 550?
True
Is 8148 a multiple of 21?
True
Is 23 a factor of 11454?
True
Is 5344 a multiple of 12?
False
Is 392 a multiple of 28?
True
Is 137 a factor of 445?
False
Does 94 divide 1810?
False
Does 18 divide 666?
True
Is 5031 a multiple of 3?
True
Does 26 divide 78?
True
Is 14 a factor of 2576?
True
Is 3115 a multiple of 73?
False
Is 15 a factor of 333?
False
Is 15 a factor of 54863?
False
Is 1998 a multiple of 7?
False
Is 9 a factor of 156?
False
Is 20 a factor of 240?
True
Does 21 divide 198?
False
Does 23 divide 859?
False
Does 13 divide 4015?
False
Is 15 a factor of 4145?
False
Does 212 divide 43036?
True
Is 3097 a multiple of 27?
False
Is 2 a factor of 301?
False
Is 715 a multiple of 13?
True
Is 34 a factor of 10853?
False
Does 15 divide 510?
True
Does 9 divide 4293?
True
Is 11 a factor of 68772?
True
Is 3 a factor of 4371?
True
Does 17 divide 2601?
True
Is 2324 a multiple of 14?
True
Does 89 divide 89?
True
Does 6 divide 12050?
False
Is 41 a factor of 7421?
True
Is 3341 a multiple of 6?
False
Is 162 a multiple of 18?
True
Is 31 a factor of 196?
False
Is 2 a factor of 405?
False
Does 20 divide 35493?
False
Does 22 divide 2178?
True
Is 15 a factor of 360?
True
Is 5694 a multiple of 102?
False
Is 42981 a multiple of 241?
False
Is 6564 a multiple of 13?
False
Does 9 divide 22?
False
Does 6 divide 38086?
False
Does 143 divide 100862?
False
Is 70 a factor of 102?
False
Is 6 a factor of 312?
True
Is 16 a factor of 624?
True
Is 23 a factor of 23187?
False
Is 3528 a multiple of 84?
True
Is 10 a factor of 59410?
True
Is 19494 a multiple of 2?
True
Does 45 divide 3768?
False
Is 148 a multiple of 2?
True
Is 71481 a multiple of 8?
False
Is 9 a factor of 486?
True
Does 15 divide 181?
False
Does 10 divide 1103?
False
Does 24 divide 10642?
False
Is 35 a factor of 280?
True
Is 4674 a multiple of 2?
True
Does 50 divide 397?
False
Does 6 divide 1224?
True
Is 10 a factor of 1840?
True
Is 15 a factor of 40339?
False
Does 3 divide 912?
True
Does 15 divide 570?
True
Is 324 a multiple of 108?
True
Is 143 a factor of 1859?
True
Is 13 a factor of 1300?
True
Does 26 divide 3666?
True
Is 1213 a multiple of 16?
False
Is 34 a factor of 408?
True
Is 6057 a multiple of 14?
False
Is 5710 a multiple of 79?
False
Does 6 divide 1439?
False
Is 6 a factor of 9774?
True
Is 8 a factor of 2262?
False
Is 33 a factor of 2541?
True
Is 2703 a multiple of 32?
False
Does 9 divide 4114?
False
Does 13 divide 1196?
True
Is 68 a factor of 2763?
False
Is 31 a factor of 1636?
False
Does 4 divide 224?
True
Does 17 divide 37272?
False
Is 19 a factor of 1426?
False
Does 13 divide 1295?
False
Is 182 a factor of 3822?
True
Is 2 a factor of 1105?
False
Is 5 a factor of 350?
True
Is 7988 a multiple of 252?
False
Is 31 a factor of 2356?
True
Is 487 a multiple of 2?
False
Does 63 divide 44352?
True
Does 58 divide 34728?
False
Is 19 a factor of 1748?
True
Does 307 divide 9210?
True
Is 3141 a multiple of 9?
True
Is 11635 a multiple of 5?
True
Does 10 divide 2376?
False
Is 1867 a multiple of 88?
False
Is 13398 a multiple of 11?
True
Does 9 divide 12573?
True
Does 27 divide 2766?
False
Is 887 a multiple of 25?
False
Is 88 a factor of 802?
False
Does 99 divide 4879?
False
Is 36 a factor of 684?
True
Is 4 a factor of 8063?
False
Is 3100 a multiple of 5?
True
Is 429 a multiple of 30?
False
Is 568 a multiple of 20?
False
Is 7 a factor of 6643?
True
Is 7 a factor of 294?
True
Does 46 divide 920?
True
Is 447 a multiple of 5?
False
Is 20 a factor of 541?
False
Is 66 a factor of 9209?
False
Is 108 a f